*g**3 + 390*g**2 - 773*g + 173. Give h(193).
-20
Let d(u) = u**3 - 15*u**2 - 8*u - 20. What is d(-6)?
-728
Let d(p) = -2*p**3 + 875*p**2 - 3019*p - 8174. Determine d(434).
72
Let k(w) = w**2 - 195904*w + 1567149. What is k(8)?
-19
Let p(y) = -y**2 - 260*y + 20705. What is p(68)?
-1599
Let c(j) = -13280*j + 132794. Determine c(10).
-6
Let s(y) = -231*y**2 + 193*y + 24. What is s(4)?
-2900
Let s(y) = -4*y**2 - 20511*y + 123183. Give s(6).
-27
Let i(y) = 24329*y + 559566. Give i(-23).
-1
Let w(h) = -11*h**3 + 1914*h**2 + 2*h - 334. What is w(174)?
14
Let j(t) = t**3 + 86*t**2 - 117*t - 2838. Give j(-87).
-228
Let r(o) = -10*o**3 - o**2 - 23*o + 76. Give r(3).
-272
Let u(v) = 31094*v - 5628008. Calculate u(181).
6
Let q(o) = 20261*o - 425380. Determine q(21).
101
Let j(x) = x**3 + 110*x**2 - 11157*x + 1348. Determine j(64).
4
Let c(i) = 3*i**3 - 514*i**2 + 675*i + 167. Give c(170).
-683
Let p(q) = q**3 - 11*q**2 - 35*q + 41. Give p(18).
1679
Let c(x) = 768569*x - 2305704. Determine c(3).
3
Let z(a) = 2*a**2 + 6943*a - 167779. What is z(24)?
5
Let u(z) = z**3 + 70*z**2 - 485*z - 10860. Calculate u(-10).
-10
Let u(w) = 1643184*w + 14788654. Determine u(-9).
-2
Let u(c) = -96*c - 10765. Calculate u(-108).
-397
Let p(t) = 939*t - 24074. What is p(26)?
340
Let q(g) = -1404*g**3 + 8*g**2 - 3*g - 4. What is q(-1)?
1411
Let n(p) = -2*p**2 + 246*p + 5218. What is n(-18)?
142
Let g(f) = f**2 + 11550*f + 161417. Give g(-14).
-87
Let d(q) = -q**3 - q**2 + 387*q + 1465. Calculate d(-18).
7
Let v(i) = i**3 - 8*i**2 - 2559*i - 12840. Determine v(-5).
-370
Let y(p) = 672*p**2 + 2022*p + 9. Give y(-3).
-9
Let d(p) = 28*p**2 - 418*p + 1476. Determine d(5).
86
Let p(b) = b**3 + b**2 + 3892*b - 5. Give p(0).
-5
Let s(v) = -224*v + 59834. What is s(267)?
26
Let v(f) = -243*f**2 + 1771*f - 508. Give v(7).
-18
Let d(o) = -3*o**3 - 207*o**2 - 589*o + 321. Give d(-66).
-9
Let s(w) = -352843*w + 1411370. Determine s(4).
-2
Let k(c) = c**2 - 11512*c + 458871. What is k(40)?
-9
Let v(n) = n**3 - 5*n**2 + 2766*n - 16614. Give v(6).
18
Let l(g) = g**3 + 44*g**2 + 243*g + 1868. Determine l(-39).
-4
Let a(y) = -y**3 + 33*y**2 - 407*y + 12043. Calculate a(32).
43
Let o(q) = 9*q**2 + 16*q - 719. Give o(8).
-15
Let x(p) = -2034*p - 166164. Calculate x(-81).
-1410
Let g(k) = -k**3 + 9*k**2 + 390*k - 3346. Calculate g(20).
54
Let g(p) = 793*p**2 + 1086*p + 8. What is g(-2)?
1008
Let t(l) = -l**2 - 2417*l + 470233. Give t(181).
-5
Let x(t) = -20*t**3 - 148*t**2 - 167*t - 787. Calculate x(-7).
-10
Let x(a) = 53*a**2 + 353*a - 9288. Calculate x(-17).
28
Let b(u) = -606*u + 120523. Give b(199).
-71
Let d(i) = 1286*i - 217351. What is d(169)?
-17
Let y(b) = -3481*b - 1169630. Give y(-336).
-14
Let l(i) = -i**3 + 95*i**2 - 185*i - 8. Give l(2).
-6
Let h(l) = -167*l**2 + 97417*l - 32638. What is h(583)?
10
Let y(d) = -d**3 + 116*d**2 - 366*d + 2865. What is y(113)?
-186
Let o(h) = -47*h + 6449. Determine o(138).
-37
Let b(o) = o**3 + 16*o**2 + 315*o + 1420. Calculate b(-6).
-110
Let z(w) = -378*w + 143292. Calculate z(379).
30
Let x(w) = -40*w + 705. Give x(8).
385
Let p(y) = -235*y + 30816. Determine p(130).
266
Let t(r) = 2*r**3 + 565*r**2 + 1462*r + 17448. Calculate t(-280).
88
Let c(g) = 4*g**3 - 595*g**2 + 1624*g + 267. Determine c(146).
2895
Let b(k) = 12*k**3 + 1052*k**2 - 328*k + 2116. Give b(-88).
4
Let f(s) = -2*s**3 - 288*s**2 + 15646*s - 916. Give f(42).
8
Let q(c) = -2*c**2 - 39133*c - 78253. Calculate q(-2).
5
Let a(j) = -862*j - 10523. Determine a(-14).
1545
Let y(d) = -30*d**3 - 160*d**2 + 126*d + 7. Give y(-6).
-29
Let n(x) = -6839*x - 61561. Give n(-9).
-10
Let p(n) = 421*n**2 - 7096*n - 1041. Calculate p(17).
-4
Let k(n) = 368*n + 4077. Determine k(-12).
-339
Let j(z) = 3*z**3 + 49*z**2 + 59*z + 405. Calculate j(-12).
1569
Let c(z) = -z**2 + 49*z - 732. Give c(55).
-1062
Let a(l) = 27767*l + 55580. Calculate a(-2).
46
Let a(h) = 18922*h - 227077. Calculate a(12).
-13
Let w(j) = -49305*j + 5670069. Calculate w(115).
-6
Let v(k) = -999*k + 60520. Give v(59).
1579
Let a(g) = 15*g**3 + 21*g**2 - 305*g - 601. Calculate a(-2).
-27
Let u(s) = s**3 - 166*s**2 - 77*s + 12581. What is u(166)?
-201
Let p(z) = -68*z**2 - 2315*z - 11439. Calculate p(-6).
3
Let r(l) = 222*l - 16031. Calculate r(83).
2395
Let w(x) = -404*x + 3769. Give w(9).
133
Let l(k) = -k**2 - 250126*k + 1250661. Determine l(5).
6
Let a(c) = -395*c + 137814. Give a(351).
-831
Let u(b) = -5*b**2 - 717*b - 9239. What is u(-13)?
-763
Let l(v) = v**2 - 41428*v - 828951. Determine l(-20).
9
Let j(s) = -10751*s + 2902773. Calculate j(270).
3
Let c(o) = 72*o - 4750. Calculate c(65).
-70
Let i(u) = -172*u**2 - 21845*u - 137. What is i(-127)?
-10
Let y(j) = 12*j**2 + 950*j - 951. Calculate y(1).
11
Let d(v) = -3*v**2 + 2368*v - 61729. Calculate d(27).
20
Let j(v) = 982*v - 67810. Calculate j(69).
-52
Let s(m) = -m**2 + 227*m - 1551. Determine s(220).
-11
Let v(q) = -q**3 - 23*q**2 - 92*q - 85. Calculate v(-26).
4335
Let z(w) = -3*w**2 - 1326*w + 43973. Give z(-473).
-16
Let v(c) = c**3 - 51*c**2 + 338*c + 7243. What is v(36)?
-29
Let h(d) = -5*d**2 - 1223*d + 4853. Give h(4).
-119
Let g(w) = -569*w + 48919. Give g(87).
-584
Let c(b) = 25958*b + 77869. What is c(-3)?
-5
Let p(c) = -c**3 - 13*c**2 - 218*c - 2428. What is p(-12)?
44
Let d(k) = 32400*k + 32602. What is d(-1)?
202
Let h(o) = -o**3 - 178*o**2 + 702*o - 4715. Give h(-182).
17
Let x(v) = -25764*v + 128889. What is x(5)?
69
Let u(b) = 3642*b - 106050. Give u(30).
3210
Let x(k) = 4*k**3 - 122*k**2 + 166*k + 82. What is x(29)?
-150
Let h(l) = l**3 - 37*l**2 - 131*l + 3533. What is h(38)?
-1
Let j(v) = -348*v - 17895. What is j(-51)?
-147
Let t(l) = 293*l**2 - 38394*l + 1526. Give t(131).
85
Let r(v) = -v**2 + 10*v + 4377. Give r(-67).
-782
Let v(l) = l**2 + 613689*l - 2454773. Give v(4).
-1
Let j(h) = 17*h**3 + 942*h**2 + 382*h - 74. Give j(-55).
91
Let z(f) = f**3 + 932*f**2 - 16127*f + 5666. Determine z(-949).
-28
Let j(x) = x**2 - 131*x + 4805. Calculate j(69).
527
Let m(q) = q**3 - 23*q**2 + 1216*q - 3477. What is m(3)?
-9
Let x(b) = -231*b + 3926. Determine x(20).
-694
Let j(x) = 79416*x - 1747155. Calculate j(22).
-3
Let w(k) = k**3 + 208*k**2 + 228*k + 4997. Determine w(-207).
650
Let z(g) = g**3 + 71*g**2 - 253*g - 2294. What is z(-74)?
0
Let b(u) = 1603*u - 120206. Give b(75).
19
Let u(g) = -8*g**3 + 252*g**2 - 360*g - 2. Give u(30).
-2
Let y(n) = 219*n**2 - 1081*n - 8. Give y(5).
62
Let p(y) = y**2 - 28*y - 33. Give p(22).
-165
Let w(r) = r**3 - 81*r**2 - 364*r - 86. Determine w(-4).
10
Let r(f) = 10*f**2 + 22264*f + 506779. Calculate r(-23).
-3
Let g(y) = 2*y**3 + 137*y**2 - 322*y - 17465. Determine g(-69).
-8
Let k(h) = h**2 + 8876*h + 265375. What is k(-30)?
-5
Let n(s) = -2*s**3 + 629*s**2 + 951*s - 276. Determine n(316).
672
Let c(p) = p**3 + 65*p**2 - 132*p + 319. What is c(-67)?
185
Let s(x) = x**3 + 133*x**2 + 2259*x - 23. Give s(-20).
-3
Let o(w) = 2*w**2 - 165*w + 1655. Determine o(11).
82
Let p(y) = y**3 - 16*y**2 + 6824*y - 138070. Calculate p(20).
10
Let m(n) = -795*n + 96145. Give m(121).
-50
Let q(j) = -j**3 + 2*j**2 - 77071*j + 385417. What is q(5)?
-13
Let t(n) = n**3 - 4*n**2 - 161133*n + 322265. What is t(2)?
-9
Let f(q) = 4*q**3 + 201*q**2 + 234*q + 268. Determine f(-49).
807
Let t(q) = 7*q**3 - 317*q**2 + 92*q + 85. What is t(45)?
175
Let t(q) = 15864*q - 31854. What is t(2)?
-126
Let l(d) = -11*d**2 + 229*d + 201. What is l(18)?
759
Let c(d) = 81*d + 1601. Give c(-36).
-1315
Let m(f) = 7*f**2 - 65*f - 197. Give m(-5).
303
Let w(x) = x**3 + 15*x**2 + 11*x + 89. Calculate w(-6).
347
Let d(a) = 16969*a + 135917. Give d(-8).
165
Let s(o) = -43*o**2 - 530*o - 1306. Give s(-4).
126
Let v(p) = 2*p**2 + 151*p + 418. What is v(-73)?
53
Let w(b) = b**2 - 1394*b + 64492. What is w(48)?
-116
Let n(m) = -1352*m - 225858. Give n(-167).
-74
Let r(n) = n**2 + 4115*n + 69305. Calculate r(-17).
-361
Let m(o) = -3*o**3 - 14*o**2 - 208*o - 1464. What is m(-6)?
-72
Let x(v) = 2*v**2 + 126*v - 411089. What is x(-486)?
67
Let s(b) = 2876*b - 1596178. What is s(555)?
2
Let f(x) = x**2 - 400*x + 38324. Give f(241).
5
Let n(m) = m**2 + 828*m - 2849258. Calculate n(1324).
-10
Let y(b) = b**2 - 389*b + 36198. Calculate y(154).
8
Let x(i) = i**3 + 14*i**2 - 264